= 5*h - 100 - 35. Let a be 669/h - 4/(-18). Let l = -14 + a. What is the tens digit of l?
1
Let b = -110 + 291. What is the units digit of b?
1
Suppose 0 = -2*i - 3*r + 1, -i - r + 1 = -0*r. Suppose 0 = -3*x + 2*g + g + 15, 0 = -5*x - 4*g + 25. Suppose -i*k + 9 + x = 0. What is the units digit of k?
7
Suppose -220 = -0*o - 5*o. What is the tens digit of o?
4
Let f(k) = 0 + 7*k + 0*k**2 + k**2 + 6 + 0*k**2. Let u(a) = a**3 - 6*a**2 + 5*a + 4. Let p be u(4). What is the tens digit of f(p)?
1
Let q be 1/(1 - 2) - 2. Let y = q + 4. What is the units digit of y?
1
Let h(d) = -d**2 + 37*d - 21. What is the tens digit of h(18)?
2
Let p(t) be the first derivative of -t**4/4 - 4*t**3/3 + 2*t**2 - 4*t - 3. Let o be -1 + (0 + -1)*4. What is the units digit of p(o)?
1
Let a = -7 - -30. Suppose 0 = 3*f + 4*j - 14, a = -f + 4*j + 1. Let x = f + 4. What is the units digit of x?
2
Let v be 1*(0 + 1) + -7. Let j(q) = -q**3 - 4*q**2 + 5*q + 1. What is the units digit of j(v)?
3
Let k be (-3)/(-3) + 1/(-1). Let r be (-1 - k)/((-1)/2). Suppose 3*d = 0, -n + r = n + 5*d. What is the units digit of n?
1
Let k(y) = y**3 + 11*y**2 + 13*y + 9. What is the units digit of k(-7)?
4
Suppose -4 = 4*i, -2*n + 4*i - 1 = -n. Let h = 7 - n. What is the units digit of h?
2
Let d be (-2)/4*(-4)/(-2). Let r be 12/10 - (-1)/(-5). Let t = r - d. What is the units digit of t?
2
What is the units digit of ((-24)/36)/(-3*2/63)?
7
Let x(q) be the third derivative of q**4/4 - 5*q**3/6 - q**2. Let u(c) = c**3 - 15*c**2 - 16*c + 2. Let z be u(16). What is the units digit of x(z)?
7
Suppose -2*b + 5 = -1. Let s(o) = 0*o**3 + 5*o**2 - o**b + o**2 - 4*o. What is the units digit of s(5)?
5
Suppose 0 = -3*u + 4*g + 25, 5*g + 1 = -5*u + g. Let n(z) = 3*z - 2. Let m be n(u). Suppose -h = -0*h - m. What is the units digit of h?
7
Suppose 3*b + 3 = -0*b. Let g(k) = 5*k**2 + k. Let u be g(b). Suppose u*x - 16 + 4 = 0. What is the units digit of x?
3
Suppose -m - 6 = -4*d - 0*m, 0 = -3*m + 6. Let y be ((-1)/2 + -2)*d. Let c = 2 - y. What is the units digit of c?
7
Let b(d) = -5*d + 26. What is the units digit of b(-9)?
1
Let r(a) = 3*a**2 + 4*a + 2. Let m be r(-2). Suppose 3*y = -s + 4*y - m, s + 4*y = 9. Let v(w) = w**3 + 5*w**2 + 2*w - 1. What is the tens digit of v(s)?
1
Let v = 41 - 20. Let k = v - 15. Let l(q) = -q**3 + 6*q**2 + q + 3. What is the units digit of l(k)?
9
Let c be -2*(-2 - 0)/(-2). What is the units digit of -2 + -1 + 7 - c?
6
What is the units digit of (-722)/(-10) + 3/(-15)?
2
Suppose -4*t - 2 = -6*t. What is the units digit of (t + 5 - 4) + 3?
5
Suppose -5*d + 6 = -2*f, 29 = 3*f - 2*d + 4*d. Let j = f - 10. Let s = 5 + j. What is the units digit of s?
2
Let y(j) = -j**3 - j**2 - j + 27. What is the tens digit of y(0)?
2
Suppose -v + 2*v - 195 = 2*y, -v + 4*y = -199. What is the tens digit of v?
9
Let t = 5 - 0. Suppose -6*k + 2*k = -8. Suppose k*g - 1 = -4*h + 15, -g + h = -t. What is the units digit of g?
6
Suppose 3*p - 12 = -0*p. Suppose -3*o = -o - p. What is the units digit of (o/(-6))/((-2)/6)?
1
Let a be (-112)/(-63) - (-2)/9. Suppose -5*n + a*n = -c - 8, 3*c = n - 8. Let j = n + 0. What is the units digit of j?
2
Suppose 240 = 15*q - 12*q. What is the tens digit of q?
8
Let c(u) = -4*u + 10. Let t be c(4). What is the units digit of (-14)/(-21) - 146/t?
5
What is the tens digit of (-2 - 0)*(7 + -15)?
1
Let j(k) = k - 11. Let v be j(11). Let s = v + 1. Suppose s + 8 = x. What is the units digit of x?
9
What is the units digit of -4 - (-120)/21 - 6/(-21)?
2
Let c(b) = -14*b**2 - b + 2. Let j(r) = 28*r**2 + 2*r - 5. Let v(k) = -5*c(k) - 2*j(k). What is the units digit of v(-1)?
3
Let q = 0 + 1. What is the units digit of q?
1
Let n(u) = 2*u**2 - 6*u - 4. What is the units digit of n(-4)?
2
Let c(g) = g**3 + g**2 + 95. What is the tens digit of c(0)?
9
Let g = -41 + 70. What is the tens digit of g?
2
Let g = -57 + 84. What is the tens digit of g?
2
Suppose -6*u = -u - 110. Let p be (-4)/u - (-1800)/99. Suppose 0*n - 3*n + p = 0. What is the units digit of n?
6
Let n = 20 + -7. What is the units digit of n?
3
Let o be ((-4 + 2)/2)/(-1). Let y = o - -3. What is the units digit of y?
4
Let c(k) = 8*k**3 + 2*k**2 - 1. Let s be c(1). Let t = -15 + s. What is the units digit of (-297)/(-36) + t/(-8)?
9
Let j(f) = 4*f - 7. Let y be j(3). Suppose -b - 59 = -y*p + 3*b, 4*b = -p + 7. What is the units digit of p?
1
Let z(h) = h + 1. Let w be z(-2). Let n be (w + 1)/(2 + -1). Suppose 4*b + n*b - 8 = -o, 0 = 2*b. What is the units digit of o?
8
Let l(h) = h**2 + h - 1. Let j(v) = v**2 + 6*v - 4. Let b(r) = -j(r) + 2*l(r). What is the tens digit of b(6)?
1
Suppose 0*s = 5*s - 110. What is the units digit of s?
2
Suppose 0 = 4*t - 5*v - 10, 5*t + 6 = -0*t - 3*v. Let f = 77 - 53. Suppose t*q + f = 3*q. What is the units digit of q?
8
Let d = 49 - 9. What is the units digit of d?
0
Let q = -7 - -12. Suppose 0*z = 2*z + u - 35, 0 = 3*z - q*u - 59. What is the tens digit of z?
1
Suppose -15 + 3 = 2*w. What is the units digit of ((-12)/9)/(w/9)?
2
Let d = 7 + -9. Let g be ((-20)/12)/(d/(-6)). What is the units digit of (g/15)/((-2)/12)?
2
Suppose 0*a - a + 5*m = -26, 120 = 4*a - 4*m. Suppose 0 = i + 3*c - a, i = 3*c + 4 + 9. What is the units digit of i?
2
Let p(y) be the second derivative of 0*y**2 + 0 + y - 1/6*y**3. What is the units digit of p(-9)?
9
Let g(l) = -44*l**2 - 8. Let y(i) = -15*i**2 - 3. Let k(h) = -4*g(h) + 11*y(h). What is the units digit of k(1)?
0
Let b be -3 - (-1 + -2 + 2). Let o be (-76)/(-3) - b/(-6). Suppose o + 40 = 5*y. What is the tens digit of y?
1
Suppose 4*c + 5*j - 27 = 0, -6 = -4*c + 4*j - 2*j. Suppose 4 = g - 0. Suppose -k = c*k - g. What is the units digit of k?
1
Let b = -22 - -52. What is the units digit of b?
0
Suppose r - 3*h = 11 + 32, r + 2*h = 18. Let f = 47 - r. What is the units digit of f?
9
Suppose -x + 2*x + 4 = 3*n, 4*n + 4*x = 16. Suppose -4*f - 59 = l - 2*l, n*l = -3*f + 63. What is the units digit of l?
9
Let z(l) = l**2 - 7*l + 2. Let x(n) = -n**3 - 7*n**2 - 6*n + 8. Let i be x(-6). What is the tens digit of z(i)?
1
Let f = -58 - -109. What is the units digit of f?
1
What is the hundreds digit of -20*(-4)/(-8)*-18?
1
Let t(c) = -2*c**2 - 16*c + 3. Let h be t(-8). Let g(z) = 13*z - 1. What is the units digit of g(h)?
8
Let b = -7 - -3. Let j be 5 + (b - -2) + 2. Suppose -j*m - 22 = -2, -5*v - 3*m = -18. What is the units digit of v?
6
What is the tens digit of 4*(116/8 + 0)?
5
Let c(l) = l - 2. Let k be c(-4). Suppose 0*h - 4*h = 20, b - 5*h = 35. Let z = b + k. What is the units digit of z?
4
Let q(f) = -f + 6. What is the units digit of q(-6)?
2
Suppose 5*p - 3*p = 164. What is the tens digit of p?
8
Suppose -16*v + 11*v = -125. Let f = -35 + 19. Let p = v + f. What is the units digit of p?
9
Let a(i) be the third derivative of i**4/8 - 7*i**3/6 + i**2. Let v be a(8). Suppose 2*d + 4*s + v + 1 = 0, -3*d + 13 = -2*s. What is the units digit of d?
1
Suppose 5*b + 8 - 38 = 0. Let k = -6 + b. Suppose -5*o + 20 = -k*o. What is the units digit of o?
4
Let r(l) = l**3 + 5*l**2 + 3*l + 5. Let d(n) = n**2 - n - 4. Let u be d(0). What is the units digit of r(u)?
9
Let y(i) = -i**3 + 5*i**2 - 3*i + 4. Suppose 4*f - 6*f = x - 8, 8 = 2*f - x. What is the units digit of y(f)?
8
Let y(j) = j + 9. Let w be y(-9). Suppose -2*a + 12 = -w*a. What is the units digit of a?
6
Let l be (2 + -11)*(-2)/6. Suppose 0 = l*o - 9, 0*m - 4*m = o - 19. What is the units digit of m?
4
Let s be (1 - 1 - -19) + 2. Suppose -s + 7 = -x. What is the units digit of 214/14 - 4/x?
5
Suppose -3*s = -t + 9, -t - 4*s - 12 = -0*t. Suppose 0 = -t*i + 3*i - 15. Suppose 3*n - 6 = 0, -2*j - i*n + 2 + 22 = 0. What is the units digit of j?
7
Suppose -140 = -4*u - 0*u. What is the units digit of u?
5
Suppose -2*m - 3*m + 295 = 0. What is the tens digit of m?
5
Suppose 16*v - 200 = 6*v. What is the tens digit of v?
2
Let k(z) = z**2 - 4*z + 95. What is the units digit of k(0)?
5
Let n(l) = l**2 + l. Let a be n(-2). Suppose 5*m - 2*m - a*d = 11, -9 = -4*m - 3*d. What is the units digit of m?
3
Suppose 0 = -x + 5*c - 43, -3*x - 2*c = -7*x - 136. Let y = 4 - x. What is the units digit of y?
7
Let g(v) = v - 14. Let b be g(7). Let h be 122/14 - (-6)/21. Let j = h + b. What is the units digi